 m = -25 + l. List the prime factors of m.
13
Let b(g) = -39*g + 2 - 50*g + 16*g. List the prime factors of b(-1).
3, 5
List the prime factors of 9768/20 - (-56)/35.
2, 5, 7
Let q = -274 - -1824. What are the prime factors of q?
2, 5, 31
Let l(x) = 166*x**2 - 4*x + 15. List the prime factors of l(5).
5, 829
Suppose -45 = -5*b - 4*l, 2*l = -4*b + l + 25. Suppose -b*c + 0*f + 25 = -5*f, -15 = -3*c - 2*f. What are the prime factors of c?
5
Let a(n) = -19 - n**3 + 2*n**2 + 7*n - n + 4 + 9*n**2. What are the prime factors of a(11)?
3, 17
Let y(c) = -8*c**2 - 10*c - 4*c + 9 - 13 - 4*c. Let j be y(-12). List the prime factors of 4/(-18) - j/18.
2, 13
Let l(h) = 17*h + 16. Suppose 3*j = 4*i - 9, -2*j = -2*i + 3*i - 5. What are the prime factors of l(i)?
67
Let g = -1 - -8. Let l(p) = -p**2 + 6*p + 6. Let m be l(g). List the prime factors of m/((-76)/(-78) - 1).
3, 13
Let q be (-4)/((-60)/(-9))*-5. Suppose -g - q = 0, -3*j - 5*g + 73 = -68. What are the prime factors of j?
2, 13
Let v = 73 - 36. Suppose -5*h - 127 = -2*c, -5*c + 55 = -h - h. Let b = h + v. What are the prime factors of b?
2, 3
Let y = -433 + 796. What are the prime factors of y?
3, 11
Suppose -6*u + 3*u + 141 = 0. Suppose -14*b = 7*b - 42. Suppose -t + z + 1 = -u, 100 = b*t - z. List the prime factors of t.
2, 13
Suppose -c + 604 = 5*p, -4*p - 1232 = -2*c - 94. What are the prime factors of c?
3, 193
Let c(v) = 214*v + 1. List the prime factors of c(17).
3, 1213
What are the prime factors of (-30)/(-165) - 7643/(-11)?
5, 139
List the prime factors of (5 - 22/4)*-706 - -8.
19
Suppose -3*a - 5178 = -9*a. List the prime factors of a.
863
Let g(x) be the first derivative of -x**2/2 + 8*x - 14. What are the prime factors of g(5)?
3
Suppose -o + 0*f + f - 29 = 0, 4*o + 2*f + 110 = 0. Let c = o - -50. List the prime factors of c.
2, 11
Suppose g + 3*q - 1993 = 0, -20*g + 4*q = -25*g + 9965. List the prime factors of g.
1993
Let v(l) = l - 1. Let k(f) = f - 2. Let x(y) = -4*k(y) + 5*v(y). Let z be x(5). Suppose 2*o - 38 = -z. List the prime factors of o.
3, 5
List the prime factors of -2490*(-1)/6*3.
3, 5, 83
Let f(w) = -19*w + 72. List the prime factors of f(-14).
2, 13
Let x(c) = -c**2 - 2*c. Let r be x(0). Let p(m) = 2*m + 8. List the prime factors of p(r).
2
Let k(g) = 15*g**2 - 6. Let m = 11 - 13. List the prime factors of k(m).
2, 3
Suppose -76 = -5*t + 169. Let j = 157 - 177. Let r = t + j. What are the prime factors of r?
29
Let z(l) = -l**2 - 7*l - 9. Let g be z(-6). Let i(d) = 5*d**2 - d**3 + 2*d - 38 + 38. List the prime factors of i(g).
2, 3, 11
Suppose 14*t = 24*t - 38870. List the prime factors of t.
13, 23
Let p(l) be the third derivative of 7*l**5/60 + l**4/24 + l**3/6 - 4*l**2. Let x be p(-1). Let h = x + 17. List the prime factors of h.
2, 3
Suppose -30*v - 874 = -32*v. Suppose v = 9*k - 310. List the prime factors of k.
83
Let t(p) = p**3 + 23*p**2 + 15*p - 30. List the prime factors of t(-22).
2, 31
Let v(d) = 2*d**2 + 2*d + 3. Suppose 2*h + 4 = -2. Let m be v(h). What are the prime factors of 164/5 + 3/m?
3, 11
Suppose 3*b = -5*g + 1148, 4*b - 5*g - 1088 - 466 = 0. List the prime factors of (2/(-4))/(-1 + b/388).
97
Let z = 149 + -135. Suppose -3*s + 589 = 16*f - z*f, -4*s - 5*f + 776 = 0. What are the prime factors of s?
199
Suppose -21*j + 275 = -145. List the prime factors of j.
2, 5
Let y(i) = 15*i - 9. Suppose 5*x + 56 = 12*x. List the prime factors of y(x).
3, 37
Let l = 171 + 504. What are the prime factors of (3/5)/(5/l)?
3
Let a(y) = -y**2 + 17*y - 7. Suppose -4*o = p + 7, -3*o + 11 = -p + 5*p. What are the prime factors of a(p)?
53
Let b(a) = 18*a**3 - 3*a**2 - 15*a + 52. What are the prime factors of b(3)?
2, 233
Let s be -21*((-5)/(-15) + -1). Let r = s - -10. List the prime factors of r.
2, 3
Suppose -7*a + 3 = -3*d - 3*a, 0 = 5*d - 5*a. Suppose -u + d*u - 186 = 0. Suppose -3*j = -p - u, -j = 4*p - 2*p - 24. What are the prime factors of j?
2, 3, 5
Suppose -14 = x - 2*x. List the prime factors of 104/6 + (x/(-6))/7.
17
Let q(y) = 3*y**2 + 43*y + 9. Let u be q(-19). Let v = 500 - u. List the prime factors of v.
3, 5
Let u(t) = 194*t**2 + 28*t + 101. List the prime factors of u(-4).
3, 1031
Suppose 2*v + 3*v - 12 = 4*a, 4*v = -3*a + 22. Suppose v*c - 9 = c. Suppose 5*l = c*l + 4. What are the prime factors of l?
2
Let u(i) = i**3 - 3*i**2 + 3*i - 7. What are the prime factors of u(8)?
337
Let c be (8 + -7)/((-2)/(-10)). Suppose 2*j - 5*j = 3*f - 303, 449 = 4*j - c*f. What are the prime factors of j?
2, 53
What are the prime factors of ((-12)/10)/(44/(-110)) - -2264?
2267
Let o(f) = f**2 + 5*f + 2. Let w be (-2 + 1)*10/2. Let m be o(w). List the prime factors of (m - -1)/(2/6).
3
Let v be ((-21)/(-6))/(-7)*0. Suppose v = 7*m - 4*m - 78. Suppose 2*p = 3*h + m, 0 = 2*p - 0*h + 3*h - 2. List the prime factors of p.
7
Suppose -7489 - 71051 = -44*i. List the prime factors of i.
3, 5, 7, 17
Suppose 0 = -5*f + 5*r - 9*r + 1199, -960 = -4*f - 3*r. List the prime factors of f.
3
Let a(g) = -5*g**3 - 3*g**2 + 1. Let y be a(-1). Suppose 2*q = y*q - 167. Suppose -3*m + 109 = 5*z, -4*m + z - q = -9*m. List the prime factors of m.
3, 11
Suppose 0*q + 9 = -3*q. Let b(t) = 22*t**2 + 3*t + 9. What are the prime factors of b(q)?
2, 3, 11
Let b = -95 - -97. Suppose 0 = -2*j - 5*i + 453, -b*j + 459 = 5*i - 6*i. What are the prime factors of j?
229
Suppose -4*n - a - 240 = 0, 33 = -5*n - a - 267. Let f = n - -164. What are the prime factors of f?
2, 13
Let r(v) = -v**3 - 4*v**2 + 19*v - 9. Let n be r(5). What are the prime factors of (n/2)/(3/((-6)/1))?
139
Let g(q) = -q**3 + q**2 + 3*q - 1. Let x(i) = -i**3 - 59 - 2*i - i**2 + 60 + 2*i**3. Let u(c) = -3*g(c) - 5*x(c). List the prime factors of u(-2).
2, 5
Let u(i) = -i - 2. Let b be u(5). Let q(m) = -m**2 + 12*m - 13. Let y be q(9). Let t = b + y. What are the prime factors of t?
7
Let i(g) = g**2 + g - 13. Let j(b) = b - 2. Let z be j(-11). Let u = z + 6. List the prime factors of i(u).
29
Suppose 13*b = 8*b + 1935. What are the prime factors of b?
3, 43
Suppose 4*o + 3*x = 1414, -4*o + 0*x + 1428 = -4*x. Suppose 5*d + 45 - o = 4*r, -62 = -d - r. List the prime factors of d.
2, 31
Let j(q) = 24*q**3 + q**2. Let n be j(-1). Let o = n - -27. Suppose -o*u + c + 112 = 0, 3*u - 5*c - 101 = -0*u. What are the prime factors of u?
3
Let y(r) be the second derivative of -r**4/12 - 11*r**3/6 - 9*r**2/2 - 11*r. What are the prime factors of y(-7)?
19
Suppose -5*x + 200 = 5*i, 114 = 4*x - 5*i - 19. What are the prime factors of x?
37
Suppose 3*i + 2*y - 24 = -i, i = -3*y + 6. Suppose 8*m - i*m = 8. Suppose t + 36 = m*t. List the prime factors of t.
2, 3
Suppose x = 6*x - 5190. Suppose -3*t = -t + x. What are the prime factors of (-2)/9 - t/27?
19
Let i = -45 - -45. Suppose -5*p + 182 = -l, -3*l - 126 = -3*p - 8*l. Suppose i = -4*n - u + 66 + 63, -2*n + p = -5*u. List the prime factors of n.
31
Let n(g) = g**3 + 7*g**2 + 9*g - 1. Let w be n(-5). Suppose 0 = -w*u - v + 33, 5*u + v - 45 = -4*v. What are the prime factors of u?
2
Let l be 4 - 65/(-3) - 6/9. Suppose 455 = 3*u + 2*u + 3*w, 5*w = l. What are the prime factors of u?
2, 11
Let w = 5904 + -4046. List the prime factors of w.
2, 929
Suppose s = -3*s. Let z(i) = 2*i**2 + 29*i + 36. Let y be z(-19). Suppose s*d + 15 = 5*d, 5*p = d + y. What are the prime factors of p?
2, 3, 7
Suppose 249*f = 284*f - 64120. List the prime factors of f.
2, 229
Let j = 18 - 15. Suppose j*a - 68 - 31 = 0. List the prime factors of a.
3, 11
Let a(f) = 3*f + 1. Let l(b) be the third derivative of 5*b**4/24 - b**3 - 3*b**2. Let d be l(4). List the prime factors of a(d).
43
Let o be 2/(((-2)/4)/(3 + -5)). Suppose 4*g + 104 = o*g + 4*d, 38 = 3*g - 5*d. What are the prime factors of g?
3, 7
Let j = -37 + 40. Suppose -5*m + 226 + 392 = -j*z, 4*m - 512 = -2*z. What are the prime factors of m?
2, 3, 7
Let k(y) = y**3 + 9*y**2 - 10*y - 3. Let t be (-64)/7 - 25/(-175). What are the prime factors of k(t)?
3, 29
Let y(u) = 18*u**2 + 12*u + 8. Let m be y(-6). Suppose -8*v + m = -4*v. List the prime factors of v.
2, 73
Let i(m) = 5*m + 4. Let x be i(-1). What are the prime factors of 1*(-123)/3*x?
41
Suppose -3*g + 2*a + 7528 = 0, -g - 2*a + 2033 + 487 = 0. List the prime factors of g.
2, 157
Let q(d) = -12*d**2 + 16*d -